{"id":28,"date":"2013-08-19T19:13:45","date_gmt":"2013-08-19T19:13:45","guid":{"rendered":"http:\/\/www.miterka.pl\/?page_id=28"},"modified":"2013-08-19T19:13:45","modified_gmt":"2013-08-19T19:13:45","slug":"prawo-nieruchomosci","status":"publish","type":"page","link":"http:\/\/miterka.pl\/?page_id=28","title":{"rendered":"Prawo Nieruchomo\u015bci"},"content":{"rendered":"<p>W ramach obrotu nieruchomo\u015bciami Kancelaria oferuje kompleksowe wsparcie prawne proces\u00f3w nabywania i sprzeda\u017cy nieruchomo\u015bci.<\/p>\n<p>W szczeg\u00f3lno\u015bci Kancelaria zajmuje si\u0119 przygotowywaniem r\u00f3\u017cnego rodzaju um\u00f3w z zakresu obrotu nieruchomo\u015bciami:<\/p>\n<ul>\n<li>um\u00f3w deweloperskich;<\/li>\n<li>um\u00f3w nabycia nieruchomo\u015bci;<\/li>\n<li>um\u00f3w inwestycyjnych;<\/li>\n<li>um\u00f3w najmu;<\/li>\n<li>um\u00f3w zarz\u0105du nieruchomo\u015bciami.<\/li>\n<\/ul>\n<p>W ramach pozosta\u0142ych us\u0142ug Kancelaria:<\/p>\n<ul>\n<li>reprezentuje klient\u00f3w w sporach i negocjacjach z zakresu stosunk\u00f3w w\u0142a\u015bcicielskich (w tym w szczeg\u00f3lno\u015bci w sprawach o tzw. eksmisj\u0119, wst\u0105pienie w stosunek najmu);<\/li>\n<li>doradza w kwestiach nabywania nieruchomo\u015bci przez cudzoziemc\u00f3w;<\/li>\n<li>udziela wsparcia prawnego w kwestiach rosze\u0144 o ochron\u0119 posiadania i przywr\u00f3cenie stanu poprzedniego.<\/li>\n<\/ul>\n","protected":false},"excerpt":{"rendered":"<p>W ramach obrotu nieruchomo\u015bciami Kancelaria oferuje kompleksowe wsparcie prawne proces\u00f3w nabywania i sprzeda\u017cy nieruchomo\u015bci. W szczeg\u00f3lno\u015bci Kancelaria zajmuje si\u0119 przygotowywaniem r\u00f3\u017cnego rodzaju um\u00f3w z zakresu obrotu nieruchomo\u015bciami: um\u00f3w deweloperskich; um\u00f3w nabycia nieruchomo\u015bci; um\u00f3w inwestycyjnych; um\u00f3w najmu; um\u00f3w zarz\u0105du nieruchomo\u015bciami. W &hellip; <a href=\"http:\/\/miterka.pl\/?page_id=28\">Czytaj dalej <span class=\"meta-nav\">&rarr;<\/span><\/a><\/p>\n","protected":false},"author":1,"featured_media":0,"parent":10,"menu_order":0,"comment_status":"closed","ping_status":"open","template":"","meta":{"footnotes":""},"class_list":["post-28","page","type-page","status-publish","hentry"],"_links":{"self":[{"href":"http:\/\/miterka.pl\/index.php?rest_route=\/wp\/v2\/pages\/28","targetHints":{"allow":["GET"]}}],"collection":[{"href":"http:\/\/miterka.pl\/index.php?rest_route=\/wp\/v2\/pages"}],"about":[{"href":"http:\/\/miterka.pl\/index.php?rest_route=\/wp\/v2\/types\/page"}],"author":[{"embeddable":true,"href":"http:\/\/miterka.pl\/index.php?rest_route=\/wp\/v2\/users\/1"}],"replies":[{"embeddable":true,"href":"http:\/\/miterka.pl\/index.php?rest_route=%2Fwp%2Fv2%2Fcomments&post=28"}],"version-history":[{"count":0,"href":"http:\/\/miterka.pl\/index.php?rest_route=\/wp\/v2\/pages\/28\/revisions"}],"up":[{"embeddable":true,"href":"http:\/\/miterka.pl\/index.php?rest_route=\/wp\/v2\/pages\/10"}],"wp:attachment":[{"href":"http:\/\/miterka.pl\/index.php?rest_route=%2Fwp%2Fv2%2Fmedia&parent=28"}],"curies":[{"name":"wp","href":"https:\/\/api.w.org\/{rel}","templated":true}]}}